{"id":3207,"date":"2021-05-18T09:46:46","date_gmt":"2021-05-18T13:46:46","guid":{"rendered":"https:\/\/centretic.com\/enseignants\/?page_id=3207"},"modified":"2023-09-29T15:13:17","modified_gmt":"2023-09-29T19:13:17","slug":"varier-les-approches-pedagogiques","status":"publish","type":"page","link":"https:\/\/centretic.com\/enseignants\/astuces-pedagogiques\/varier-les-approches-pedagogiques\/","title":{"rendered":"Varier les approches p\u00e9dagogiques"},"content":{"rendered":"\n<p>Certaines approches p\u00e9dagogiques ont un plus grand impact sur l\u2019apprentissage que d\u2019autres. Cette section explique pourquoi adopter des pratiques diversifi\u00e9es et pr\u00e9sente des exemples de strat\u00e9gies efficaces.<\/p>\n\n\n\n<div class=\"wp-block-columns is-layout-flex wp-container-core-columns-is-layout-9d6595d7 wp-block-columns-is-layout-flex\">\n<div class=\"wp-block-column is-layout-flow wp-block-column-is-layout-flow\">\n<h4 class=\"wp-block-heading\"><strong><strong><strong>Pour motiver ses \u00e9tudiant\u00b7es<\/strong><\/strong><\/strong><\/h4>\n\n\n\n<figure class=\"wp-block-image size-large\"><a href=\"https:\/\/centretic.com\/enseignants\/wp-content\/uploads\/sites\/2\/2021\/05\/Motivation_des_apprenants-1024x768.jpg\" data-rel=\"lightbox-image-0\" data-rl_title=\"\" data-rl_caption=\"\" title=\"\"><img loading=\"lazy\" decoding=\"async\" width=\"1024\" height=\"768\" src=\"https:\/\/centretic.com\/enseignants\/wp-content\/uploads\/sites\/2\/2021\/05\/Motivation_des_apprenants-1024x768.jpg\" alt=\"\" class=\"wp-image-3192\" srcset=\"https:\/\/centretic.com\/enseignants\/wp-content\/uploads\/sites\/2\/2021\/05\/Motivation_des_apprenants-1024x768.jpg 1024w, https:\/\/centretic.com\/enseignants\/wp-content\/uploads\/sites\/2\/2021\/05\/Motivation_des_apprenants-300x225.jpg 300w, https:\/\/centretic.com\/enseignants\/wp-content\/uploads\/sites\/2\/2021\/05\/Motivation_des_apprenants-768x576.jpg 768w, https:\/\/centretic.com\/enseignants\/wp-content\/uploads\/sites\/2\/2021\/05\/Motivation_des_apprenants-320x240.jpg 320w, https:\/\/centretic.com\/enseignants\/wp-content\/uploads\/sites\/2\/2021\/05\/Motivation_des_apprenants-640x480.jpg 640w, https:\/\/centretic.com\/enseignants\/wp-content\/uploads\/sites\/2\/2021\/05\/Motivation_des_apprenants-1100x825.jpg 1100w, https:\/\/centretic.com\/enseignants\/wp-content\/uploads\/sites\/2\/2021\/05\/Motivation_des_apprenants.jpg 1344w\" sizes=\"auto, (max-width: 1024px) 100vw, 1024px\" \/><\/a><\/figure>\n\n\n\n<p>La motivation des \u00e9tudiant\u00b7es \u00ab repose sur la perception qu\u2019ils ont d\u2019eux-m\u00eames et des conditions dans lesquelles se font les apprentissages propos\u00e9s \u00bb (HEC Montr\u00e9al, s.d.). Ce <strong><a rel=\"noreferrer noopener\" href=\"https:\/\/centretic.com\/enseignants\/wp-content\/uploads\/sites\/2\/2021\/05\/Strate\u0301gies-motivation-et-engagement.pdf\" target=\"_blank\">document<\/a><\/strong> pr\u00e9sente les caract\u00e9ristiques des activit\u00e9s d\u2019apprentissage pour \u00eatre motivantes et des strat\u00e9gies pour engager les \u00e9tudiant\u00b7es.<\/p>\n<\/div>\n\n\n\n<div class=\"wp-block-column is-layout-flow wp-block-column-is-layout-flow\">\n<h4 class=\"wp-block-heading\"><strong><strong><strong>Pour assurer une meilleure r\u00e9tention<\/strong><\/strong><\/strong><\/h4>\n\n\n\n<figure class=\"wp-block-image size-large\"><a href=\"https:\/\/centretic.com\/enseignants\/wp-content\/uploads\/sites\/2\/2021\/05\/PyramideApprentissage-2.jpg\" data-rel=\"lightbox-image-1\" data-rl_title=\"\" data-rl_caption=\"\" title=\"\"><img loading=\"lazy\" decoding=\"async\" width=\"768\" height=\"1024\" src=\"https:\/\/centretic.com\/enseignants\/wp-content\/uploads\/sites\/2\/2021\/05\/PyramideApprentissage-2.jpg\" alt=\"\" class=\"wp-image-3194\" srcset=\"https:\/\/centretic.com\/enseignants\/wp-content\/uploads\/sites\/2\/2021\/05\/PyramideApprentissage-2.jpg 768w, https:\/\/centretic.com\/enseignants\/wp-content\/uploads\/sites\/2\/2021\/05\/PyramideApprentissage-2-225x300.jpg 225w, https:\/\/centretic.com\/enseignants\/wp-content\/uploads\/sites\/2\/2021\/05\/PyramideApprentissage-2-640x853.jpg 640w\" sizes=\"auto, (max-width: 768px) 100vw, 768px\" \/><\/a><\/figure>\n\n\n\n<p>Les approches p\u00e9dagogiques actives et interactives favorisent une plus grande r\u00e9tention de l\u2019information puisque l\u2019\u00e9l\u00e8ve est actif et r\u00e9flexif plut\u00f4t que passif et r\u00e9ceptif.<\/p>\n<\/div>\n\n\n\n<div class=\"wp-block-column is-layout-flow wp-block-column-is-layout-flow\">\n<h4 class=\"wp-block-heading\"><strong><strong><strong>Pour \u00eatre inclusif et \u00e9quitable<\/strong><\/strong><\/strong><\/h4>\n\n\n\n<figure class=\"wp-block-image size-large\"><a href=\"https:\/\/centretic.com\/enseignants\/astuces-pedagogiques\/varier-les-approches-pedagogiques\/photo-inclusif\/\"><img loading=\"lazy\" decoding=\"async\" width=\"682\" height=\"1024\" src=\"https:\/\/centretic.com\/enseignants\/wp-content\/uploads\/sites\/2\/2021\/06\/photo-inclusif-682x1024.jpg\" alt=\"\" class=\"wp-image-3438\" srcset=\"https:\/\/centretic.com\/enseignants\/wp-content\/uploads\/sites\/2\/2021\/06\/photo-inclusif-682x1024.jpg 682w, https:\/\/centretic.com\/enseignants\/wp-content\/uploads\/sites\/2\/2021\/06\/photo-inclusif-200x300.jpg 200w, https:\/\/centretic.com\/enseignants\/wp-content\/uploads\/sites\/2\/2021\/06\/photo-inclusif-768x1152.jpg 768w, https:\/\/centretic.com\/enseignants\/wp-content\/uploads\/sites\/2\/2021\/06\/photo-inclusif-640x960.jpg 640w, https:\/\/centretic.com\/enseignants\/wp-content\/uploads\/sites\/2\/2021\/06\/photo-inclusif.jpg 853w\" sizes=\"auto, (max-width: 682px) 100vw, 682px\" \/><\/a><\/figure>\n\n\n\n<p>Les \u00e9tudiant\u00b7es n\u2019apprennent pas tous de la m\u00eame fa\u00e7on. Varier ses m\u00e9thodes d\u2019enseignement permet d\u2019en rejoindre un plus grand nombre tout en leur offrant des chances \u00e9quitables de r\u00e9ussite.<\/p>\n<\/div>\n<\/div>\n\n\n\n<h2 class=\"wp-block-heading\" id=\"apprentissage-actif\">Apprentissage actif<\/h2>\n\n\n\n<div class=\"wp-block-columns is-layout-flex wp-container-core-columns-is-layout-9d6595d7 wp-block-columns-is-layout-flex\">\n<div class=\"wp-block-column is-layout-flow wp-block-column-is-layout-flow\">\n<h4 class=\"wp-block-heading\">Le brise-glace<\/h4>\n\n\n\n<figure class=\"wp-block-embed is-type-video is-provider-youtube wp-block-embed-youtube wp-embed-aspect-16-9 wp-has-aspect-ratio\"><div class=\"wp-block-embed__wrapper\">\n<iframe loading=\"lazy\" title=\"Le brise-glace\" width=\"1100\" height=\"619\" src=\"https:\/\/www.youtube.com\/embed\/vZldMOKuUsc?feature=oembed\" frameborder=\"0\" allow=\"accelerometer; autoplay; clipboard-write; encrypted-media; gyroscope; picture-in-picture\" allowfullscreen><\/iframe>\n<\/div><\/figure>\n<\/div>\n\n\n\n<div class=\"wp-block-column is-layout-flow wp-block-column-is-layout-flow\">\n<h4 class=\"wp-block-heading\">Le choc des id\u00e9es<\/h4>\n\n\n\n<figure class=\"wp-block-embed is-type-video is-provider-youtube wp-block-embed-youtube wp-embed-aspect-16-9 wp-has-aspect-ratio\"><div class=\"wp-block-embed__wrapper\">\n<iframe loading=\"lazy\" title=\"Le choc des id\u00e9es!\" width=\"1100\" height=\"619\" src=\"https:\/\/www.youtube.com\/embed\/x3olwykmNz0?feature=oembed\" frameborder=\"0\" allow=\"accelerometer; autoplay; clipboard-write; encrypted-media; gyroscope; picture-in-picture\" allowfullscreen><\/iframe>\n<\/div><\/figure>\n<\/div>\n<\/div>\n\n\n\n<div class=\"wp-block-columns is-layout-flex wp-container-core-columns-is-layout-9d6595d7 wp-block-columns-is-layout-flex\">\n<div class=\"wp-block-column is-layout-flow wp-block-column-is-layout-flow\">\n<h4 class=\"wp-block-heading\">Les r\u00f4les des membres de l\u2019\u00e9quipe<\/h4>\n\n\n\n<figure class=\"wp-block-embed is-type-video is-provider-youtube wp-block-embed-youtube wp-embed-aspect-16-9 wp-has-aspect-ratio\"><div class=\"wp-block-embed__wrapper\">\n<iframe loading=\"lazy\" title=\"Vid\u00e9o : les r\u00f4les des membres lors du travail d&#039;\u00e9quipe\" width=\"1100\" height=\"619\" src=\"https:\/\/www.youtube.com\/embed\/rywEPbOw4co?feature=oembed\" frameborder=\"0\" allow=\"accelerometer; autoplay; clipboard-write; encrypted-media; gyroscope; picture-in-picture\" allowfullscreen><\/iframe>\n<\/div><\/figure>\n<\/div>\n\n\n\n<div class=\"wp-block-column is-layout-flow wp-block-column-is-layout-flow\">\n<h4 class=\"wp-block-heading\">Puzzle-experts<\/h4>\n\n\n\n<figure class=\"wp-block-embed is-type-video is-provider-youtube wp-block-embed-youtube wp-embed-aspect-16-9 wp-has-aspect-ratio\"><div class=\"wp-block-embed__wrapper\">\n<iframe loading=\"lazy\" title=\"Puzzle_experts\" width=\"1100\" height=\"619\" src=\"https:\/\/www.youtube.com\/embed\/VpKr4HNoH-E?feature=oembed\" frameborder=\"0\" allow=\"accelerometer; autoplay; clipboard-write; encrypted-media; gyroscope; picture-in-picture\" allowfullscreen><\/iframe>\n<\/div><\/figure>\n<\/div>\n<\/div>\n\n\n\n<div class=\"wp-block-columns is-layout-flex wp-container-core-columns-is-layout-9d6595d7 wp-block-columns-is-layout-flex\">\n<div class=\"wp-block-column is-layout-flow wp-block-column-is-layout-flow\">\n<h4 class=\"wp-block-heading\">Aquarium<\/h4>\n\n\n\n<figure class=\"wp-block-embed is-type-video is-provider-youtube wp-block-embed-youtube wp-embed-aspect-16-9 wp-has-aspect-ratio\"><div class=\"wp-block-embed__wrapper\">\n<iframe loading=\"lazy\" title=\"Aquarium - strat\u00e9gie d&#039;apprentissage actif\" width=\"1100\" height=\"619\" src=\"https:\/\/www.youtube.com\/embed\/66JhAanZwqg?feature=oembed\" frameborder=\"0\" allow=\"accelerometer; autoplay; clipboard-write; encrypted-media; gyroscope; picture-in-picture\" allowfullscreen><\/iframe>\n<\/div><\/figure>\n<\/div>\n\n\n\n<div class=\"wp-block-column is-layout-flow wp-block-column-is-layout-flow\">\n<h4 class=\"wp-block-heading\">Strat\u00e9gie 1-2-4<\/h4>\n\n\n\n<figure class=\"wp-block-embed is-type-video is-provider-youtube wp-block-embed-youtube wp-embed-aspect-16-9 wp-has-aspect-ratio\"><div class=\"wp-block-embed__wrapper\">\n<iframe loading=\"lazy\" title=\"1-2-4\" width=\"1100\" height=\"619\" src=\"https:\/\/www.youtube.com\/embed\/qj4P1GZ4YNY?feature=oembed\" frameborder=\"0\" allow=\"accelerometer; autoplay; clipboard-write; encrypted-media; gyroscope; picture-in-picture\" allowfullscreen><\/iframe>\n<\/div><\/figure>\n<\/div>\n<\/div>\n\n\n\n<div class=\"wp-block-columns is-layout-flex wp-container-core-columns-is-layout-9d6595d7 wp-block-columns-is-layout-flex\">\n<div class=\"wp-block-column is-layout-flow wp-block-column-is-layout-flow\">\n<h4 class=\"wp-block-heading\">L\u2019\u00e9tude de cas<\/h4>\n\n\n\n<figure class=\"wp-block-embed is-type-video is-provider-youtube wp-block-embed-youtube wp-embed-aspect-16-9 wp-has-aspect-ratio\"><div class=\"wp-block-embed__wrapper\">\n<iframe loading=\"lazy\" title=\"L&#039;\u00e9tude de cas\" width=\"1100\" height=\"619\" src=\"https:\/\/www.youtube.com\/embed\/8pHQ6bzGBuA?feature=oembed\" frameborder=\"0\" allow=\"accelerometer; autoplay; clipboard-write; encrypted-media; gyroscope; picture-in-picture\" allowfullscreen><\/iframe>\n<\/div><\/figure>\n<\/div>\n\n\n\n<div class=\"wp-block-column is-layout-flow wp-block-column-is-layout-flow\">\n<h4 class=\"wp-block-heading\">Apprentissage par probl\u00e8mes<\/h4>\n\n\n\n<figure class=\"wp-block-embed is-type-video is-provider-youtube wp-block-embed-youtube wp-embed-aspect-16-9 wp-has-aspect-ratio\"><div class=\"wp-block-embed__wrapper\">\n<iframe loading=\"lazy\" title=\"Apprentissage par probl\u00e8mes\" width=\"1100\" height=\"619\" src=\"https:\/\/www.youtube.com\/embed\/8KwtQbgmu5c?feature=oembed\" frameborder=\"0\" allow=\"accelerometer; autoplay; clipboard-write; encrypted-media; gyroscope; picture-in-picture\" allowfullscreen><\/iframe>\n<\/div><\/figure>\n<\/div>\n<\/div>\n\n\n\n<div class=\"wp-block-columns is-layout-flex wp-container-core-columns-is-layout-9d6595d7 wp-block-columns-is-layout-flex\">\n<div class=\"wp-block-column is-layout-flow wp-block-column-is-layout-flow\">\n<h4 class=\"wp-block-heading\">Le concept<\/h4>\n\n\n\n<figure class=\"wp-block-embed is-type-video is-provider-youtube wp-block-embed-youtube wp-embed-aspect-16-9 wp-has-aspect-ratio\"><div class=\"wp-block-embed__wrapper\">\n<iframe loading=\"lazy\" title=\"L&#039;apprentissage actif\" width=\"1100\" height=\"619\" src=\"https:\/\/www.youtube.com\/embed\/eWDzfyGPWU8?feature=oembed\" frameborder=\"0\" allow=\"accelerometer; autoplay; clipboard-write; encrypted-media; gyroscope; picture-in-picture\" allowfullscreen><\/iframe>\n<\/div><\/figure>\n<\/div>\n\n\n\n<div class=\"wp-block-column is-layout-flow wp-block-column-is-layout-flow\">\n<h4 class=\"wp-block-heading\"><\/h4>\n<\/div>\n<\/div>\n","protected":false},"excerpt":{"rendered":"<p>Certaines approches p\u00e9dagogiques ont un plus grand impact sur l\u2019apprentissage que d\u2019autres. Cette section explique [&hellip;]<\/p>\n","protected":false},"author":1,"featured_media":0,"parent":3167,"menu_order":3,"comment_status":"closed","ping_status":"closed","template":"","meta":{"footnotes":""},"class_list":["post-3207","page","type-page","status-publish","hentry","entry","grid"],"_links":{"self":[{"href":"https:\/\/centretic.com\/enseignants\/wp-json\/wp\/v2\/pages\/3207","targetHints":{"allow":["GET"]}}],"collection":[{"href":"https:\/\/centretic.com\/enseignants\/wp-json\/wp\/v2\/pages"}],"about":[{"href":"https:\/\/centretic.com\/enseignants\/wp-json\/wp\/v2\/types\/page"}],"author":[{"embeddable":true,"href":"https:\/\/centretic.com\/enseignants\/wp-json\/wp\/v2\/users\/1"}],"replies":[{"embeddable":true,"href":"https:\/\/centretic.com\/enseignants\/wp-json\/wp\/v2\/comments?post=3207"}],"version-history":[{"count":13,"href":"https:\/\/centretic.com\/enseignants\/wp-json\/wp\/v2\/pages\/3207\/revisions"}],"predecessor-version":[{"id":4297,"href":"https:\/\/centretic.com\/enseignants\/wp-json\/wp\/v2\/pages\/3207\/revisions\/4297"}],"up":[{"embeddable":true,"href":"https:\/\/centretic.com\/enseignants\/wp-json\/wp\/v2\/pages\/3167"}],"wp:attachment":[{"href":"https:\/\/centretic.com\/enseignants\/wp-json\/wp\/v2\/media?parent=3207"}],"curies":[{"name":"wp","href":"https:\/\/api.w.org\/{rel}","templated":true}]}}