{"id":2477,"date":"2020-05-25T08:22:16","date_gmt":"2020-05-25T12:22:16","guid":{"rendered":"https:\/\/centretic.com\/enseignants\/?page_id=2477"},"modified":"2026-02-11T08:30:10","modified_gmt":"2026-02-11T13:30:10","slug":"outils-numeriques","status":"publish","type":"page","link":"https:\/\/centretic.com\/enseignants\/outils-numeriques\/","title":{"rendered":"Outils num\u00e9riques"},"content":{"rendered":"\n<p>Plusieurs outils sont disponibles pour les enseignant\u00b7es pour faciliter leur enseignement. En cliquant sur l\u2019application de votre choix, vous aurez acc\u00e8s \u00e0 des tutoriels vid\u00e9o, \u00e0 des proc\u00e9dures ou \u00e0 d\u2019autres types de documents pour vous familiariser avec certaines fonctionnalit\u00e9s.<\/p>\n\n\n\n<h4 class=\"wp-block-heading\">Produits Microsoft<\/h4>\n\n\n\n<div class=\"wp-block-columns is-layout-flex wp-container-core-columns-is-layout-9d6595d7 wp-block-columns-is-layout-flex\">\n<div class=\"wp-block-column is-layout-flow wp-block-column-is-layout-flow\">\n<h3 class=\"wp-block-heading\"><a href=\"https:\/\/centretic.com\/enseignants\/fonctionnalites-de-microsoft-365\/\">Microsoft 365<\/a><\/h3>\n\n\n\n<figure class=\"wp-block-image size-full\"><a href=\"https:\/\/centretic.com\/enseignants\/fonctionnalites-de-microsoft-365\/\"><img loading=\"lazy\" decoding=\"async\" width=\"200\" height=\"150\" src=\"https:\/\/centretic.com\/enseignants\/wp-content\/uploads\/sites\/2\/2022\/12\/Microsoft-365.jpg\" alt=\"\" class=\"wp-image-3828\"\/><\/a><\/figure>\n<\/div>\n\n\n\n<div class=\"wp-block-column is-layout-flow wp-block-column-is-layout-flow\">\n<h3 class=\"wp-block-heading\"><a href=\"https:\/\/centretic.com\/enseignants\/fonctionnalites-de-teams\/\">Teams<\/a><\/h3>\n\n\n\n<figure class=\"wp-block-image size-large\"><a href=\"https:\/\/centretic.com\/enseignants\/fonctionnalites-de-teams\/\"><img loading=\"lazy\" decoding=\"async\" width=\"200\" height=\"150\" src=\"https:\/\/centretic.com\/enseignants\/wp-content\/uploads\/sites\/2\/2020\/05\/Teams_bouton.png\" alt=\"\" class=\"wp-image-2475\"\/><\/a><\/figure>\n<\/div>\n\n\n\n<div class=\"wp-block-column is-layout-flow wp-block-column-is-layout-flow\">\n<h3 class=\"wp-block-heading\"><a href=\"https:\/\/centretic.com\/enseignants\/fonctionnalites-de-stream\/\">Stream<\/a><\/h3>\n\n\n\n<figure class=\"wp-block-image size-large\"><a href=\"https:\/\/centretic.com\/enseignants\/fonctionnalites-de-stream\/\"><img loading=\"lazy\" decoding=\"async\" width=\"200\" height=\"150\" src=\"https:\/\/centretic.com\/enseignants\/wp-content\/uploads\/sites\/2\/2020\/05\/Stream_bouton.png\" alt=\"\" class=\"wp-image-2474\"\/><\/a><\/figure>\n<\/div>\n<\/div>\n\n\n\n<div class=\"wp-block-columns is-layout-flex wp-container-core-columns-is-layout-9d6595d7 wp-block-columns-is-layout-flex\">\n<div class=\"wp-block-column is-layout-flow wp-block-column-is-layout-flow\">\n<h3 class=\"wp-block-heading\"><a href=\"https:\/\/centretic.com\/enseignants\/fonctionnalites-de-onedrive\/\">OneDrive<\/a><\/h3>\n\n\n\n<figure class=\"wp-block-image size-large\"><a href=\"https:\/\/centretic.com\/enseignants\/fonctionnalites-de-onedrive\/\"><img loading=\"lazy\" decoding=\"async\" width=\"200\" height=\"150\" src=\"https:\/\/centretic.com\/enseignants\/wp-content\/uploads\/sites\/2\/2020\/05\/OneDrive2_bouton.png\" alt=\"\" class=\"wp-image-2487\"\/><\/a><\/figure>\n<\/div>\n\n\n\n<div class=\"wp-block-column is-layout-flow wp-block-column-is-layout-flow\">\n<h3 class=\"wp-block-heading\"><a href=\"https:\/\/centretic.com\/enseignants\/fonctionnalites-de-bloc-notes\/\">Bloc-notes<\/a><\/h3>\n\n\n\n<figure class=\"wp-block-image size-large\"><a href=\"https:\/\/centretic.com\/enseignants\/fonctionnalites-de-bloc-notes\/\"><img loading=\"lazy\" decoding=\"async\" width=\"200\" height=\"150\" src=\"https:\/\/centretic.com\/enseignants\/wp-content\/uploads\/sites\/2\/2021\/01\/bloc-notes-cat.jpg\" alt=\"\" class=\"wp-image-3071\"\/><\/a><\/figure>\n<\/div>\n\n\n\n<div class=\"wp-block-column is-layout-flow wp-block-column-is-layout-flow\">\n<h3 class=\"wp-block-heading\"><a href=\"https:\/\/centretic.com\/enseignants\/fonctionnalites-de-outlook\/\">Outlook<\/a><\/h3>\n\n\n\n<figure class=\"wp-block-image size-large\"><a href=\"https:\/\/centretic.com\/enseignants\/fonctionnalites-de-outlook\/\"><img loading=\"lazy\" decoding=\"async\" width=\"200\" height=\"150\" src=\"https:\/\/centretic.com\/enseignants\/wp-content\/uploads\/sites\/2\/2020\/05\/Outlook_bouton.png\" alt=\"\" class=\"wp-image-2473\"\/><\/a><\/figure>\n<\/div>\n<\/div>\n\n\n\n<div class=\"wp-block-columns is-layout-flex wp-container-core-columns-is-layout-9d6595d7 wp-block-columns-is-layout-flex\">\n<div class=\"wp-block-column is-layout-flow wp-block-column-is-layout-flow\">\n<h3 class=\"wp-block-heading\"><a href=\"https:\/\/support.microsoft.com\/fr-fr\/office\/formation-word-pour-windows-7bcd85e6-2c3d-4c3c-a2a5-5ed8847eae73?ui=fr-fr&amp;rs=fr-fr&amp;ad=fr\" target=\"_blank\" rel=\"noreferrer noopener\">Word<\/a><\/h3>\n\n\n\n<figure class=\"wp-block-image size-large\"><a href=\"https:\/\/support.microsoft.com\/fr-fr\/office\/formation-word-pour-windows-7bcd85e6-2c3d-4c3c-a2a5-5ed8847eae73?ui=fr-fr&amp;rs=fr-fr&amp;ad=fr\" target=\"_blank\" rel=\"noopener\"><img loading=\"lazy\" decoding=\"async\" width=\"200\" height=\"150\" src=\"https:\/\/centretic.com\/enseignants\/wp-content\/uploads\/sites\/2\/2021\/06\/word-vignette.jpg\" alt=\"\" class=\"wp-image-3306\"\/><\/a><\/figure>\n<\/div>\n\n\n\n<div class=\"wp-block-column is-layout-flow wp-block-column-is-layout-flow\">\n<h3 class=\"wp-block-heading\"><a rel=\"noreferrer noopener\" href=\"https:\/\/support.microsoft.com\/fr-fr\/office\/formation-powerpoint-pour-windows-40e8c930-cb0b-40d8-82c4-bd53d3398787?ui=fr-fr&amp;rs=fr-fr&amp;ad=fr\" target=\"_blank\">PowerPoint<\/a><\/h3>\n\n\n\n<figure class=\"wp-block-image size-large\"><a href=\"https:\/\/support.microsoft.com\/fr-fr\/office\/formation-powerpoint-pour-windows-40e8c930-cb0b-40d8-82c4-bd53d3398787?ui=fr-fr&amp;rs=fr-fr&amp;ad=fr\" target=\"_blank\" rel=\"noopener\"><img loading=\"lazy\" decoding=\"async\" width=\"200\" height=\"150\" src=\"https:\/\/centretic.com\/enseignants\/wp-content\/uploads\/sites\/2\/2021\/06\/powerpoint-vignette.jpg\" alt=\"\" class=\"wp-image-3305\"\/><\/a><\/figure>\n<\/div>\n\n\n\n<div class=\"wp-block-column is-layout-flow wp-block-column-is-layout-flow\">\n<h3 class=\"wp-block-heading\"><a href=\"https:\/\/support.microsoft.com\/fr-fr\/office\/vid%c3%a9o-de-formation-excel-9bc05390-e94c-46af-a5b3-d7c22f6990bb?ui=fr-FR&amp;rs=fr-FR&amp;ad=FR\" target=\"_blank\" rel=\"noreferrer noopener\">Excel<\/a><\/h3>\n\n\n\n<figure class=\"wp-block-image size-large\"><a href=\"https:\/\/support.microsoft.com\/fr-fr\/office\/vid%c3%a9o-de-formation-excel-9bc05390-e94c-46af-a5b3-d7c22f6990bb?ui=fr-FR&amp;rs=fr-FR&amp;ad=FR\" target=\"_blank\" rel=\"noopener\"><img loading=\"lazy\" decoding=\"async\" width=\"200\" height=\"150\" src=\"https:\/\/centretic.com\/enseignants\/wp-content\/uploads\/sites\/2\/2021\/06\/excel-vignette.jpg\" alt=\"\" class=\"wp-image-3307\"\/><\/a><\/figure>\n<\/div>\n<\/div>\n\n\n\n<div class=\"wp-block-columns is-layout-flex wp-container-core-columns-is-layout-9d6595d7 wp-block-columns-is-layout-flex\">\n<div class=\"wp-block-column is-layout-flow wp-block-column-is-layout-flow\">\n<h3 class=\"wp-block-heading\"><a href=\"https:\/\/support.microsoft.com\/fr-fr\/office\/vid%C3%A9o-de-formation-planificateur-microsoft-4d71390f-08d8-4db0-84ea-92fb078687c7\" target=\"_blank\" rel=\"noreferrer noopener\">Planificateur<\/a><\/h3>\n\n\n\n<figure class=\"wp-block-image size-full\"><a href=\"https:\/\/support.microsoft.com\/fr-fr\/office\/vid%C3%A9o-de-formation-planificateur-microsoft-4d71390f-08d8-4db0-84ea-92fb078687c7\" target=\"_blank\" rel=\"noreferrer noopener\"><img loading=\"lazy\" decoding=\"async\" width=\"200\" height=\"150\" src=\"https:\/\/centretic.com\/enseignants\/wp-content\/uploads\/sites\/2\/2025\/01\/planificateur.jpg\" alt=\"\" class=\"wp-image-4615\"\/><\/a><\/figure>\n<\/div>\n\n\n\n<div class=\"wp-block-column is-layout-flow wp-block-column-is-layout-flow\">\n<h3 class=\"wp-block-heading\"><a href=\"https:\/\/support.microsoft.com\/fr-fr\/office\/formation-visio-e058bcfa-1d90-4653-afc6-e84d54cf94a6\" target=\"_blank\" rel=\"noreferrer noopener\">Visio<\/a><\/h3>\n\n\n\n<figure class=\"wp-block-image size-full\"><a href=\"https:\/\/support.microsoft.com\/fr-fr\/office\/formation-visio-e058bcfa-1d90-4653-afc6-e84d54cf94a6\" target=\"_blank\" rel=\"noreferrer noopener\"><img loading=\"lazy\" decoding=\"async\" width=\"200\" height=\"150\" src=\"https:\/\/centretic.com\/enseignants\/wp-content\/uploads\/sites\/2\/2023\/06\/logo-visio.jpg\" alt=\"\" class=\"wp-image-4208\"\/><\/a><\/figure>\n<\/div>\n\n\n\n<div class=\"wp-block-column is-layout-flow wp-block-column-is-layout-flow\">\n<h3 class=\"wp-block-heading\"><a href=\"https:\/\/support.microsoft.com\/fr-fr\/office\/formation-visio-e058bcfa-1d90-4653-afc6-e84d54cf94a6\" target=\"_blank\" rel=\"noreferrer noopener\">Forms<\/a><\/h3>\n\n\n\n<figure class=\"wp-block-image size-full\"><a href=\"https:\/\/support.microsoft.com\/fr-fr\/forms\" target=\"_blank\" rel=\"noreferrer noopener\"><img loading=\"lazy\" decoding=\"async\" width=\"200\" height=\"150\" src=\"https:\/\/centretic.com\/enseignants\/wp-content\/uploads\/sites\/2\/2026\/02\/Forms.png\" alt=\"\" class=\"wp-image-4869\"\/><\/a><\/figure>\n<\/div>\n<\/div>\n\n\n\n<h4 class=\"wp-block-heading\">Autres applications<\/h4>\n\n\n\n<div class=\"wp-block-columns is-layout-flex wp-container-core-columns-is-layout-9d6595d7 wp-block-columns-is-layout-flex\">\n<div class=\"wp-block-column is-layout-flow wp-block-column-is-layout-flow\">\n<h3 class=\"wp-block-heading\"><a href=\"https:\/\/centretic.com\/enseignants\/fonctionnalites-de-adobe-cc\/\">Adobe CC<\/a><\/h3>\n\n\n\n<figure class=\"wp-block-image size-large\"><a href=\"https:\/\/centretic.com\/enseignants\/fonctionnalites-de-adobe-cc\/\"><img loading=\"lazy\" decoding=\"async\" width=\"200\" height=\"150\" src=\"https:\/\/centretic.com\/enseignants\/wp-content\/uploads\/sites\/2\/2021\/01\/Adobe-cc-categorie-v2-1.jpg\" alt=\"\" class=\"wp-image-3047\"\/><\/a><\/figure>\n<\/div>\n\n\n\n<div class=\"wp-block-column is-layout-flow wp-block-column-is-layout-flow\">\n<h3 class=\"wp-block-heading\"><a href=\"https:\/\/centretic.com\/enseignants\/fonctionnalites-de-moodle\/\">Moodle<\/a><\/h3>\n\n\n\n<figure class=\"wp-block-image size-large\"><a href=\"https:\/\/centretic.com\/enseignants\/fonctionnalites-de-moodle\/\"><img loading=\"lazy\" decoding=\"async\" width=\"200\" height=\"150\" src=\"https:\/\/centretic.com\/enseignants\/wp-content\/uploads\/sites\/2\/2020\/05\/moodle_bouton.png\" alt=\"\" class=\"wp-image-2602\"\/><\/a><\/figure>\n<\/div>\n\n\n\n<div class=\"wp-block-column is-layout-flow wp-block-column-is-layout-flow\">\n<h3 class=\"wp-block-heading\"><a href=\"https:\/\/centretic.com\/enseignants\/fonctionnalites-de-netsupport-school\/\">NetSupport School<\/a><\/h3>\n\n\n\n<figure class=\"wp-block-image size-full\"><a href=\"https:\/\/centretic.com\/enseignants\/fonctionnalites-de-netsupport-school\/\"><img loading=\"lazy\" decoding=\"async\" width=\"200\" height=\"150\" src=\"https:\/\/centretic.com\/enseignants\/wp-content\/uploads\/sites\/2\/2023\/01\/petit-nss-v3.jpg\" alt=\"\" class=\"wp-image-3857\"\/><\/a><\/figure>\n<\/div>\n<\/div>\n\n\n\n<div class=\"wp-block-columns is-layout-flex wp-container-core-columns-is-layout-9d6595d7 wp-block-columns-is-layout-flex\">\n<div class=\"wp-block-column is-layout-flow wp-block-column-is-layout-flow\">\n<h3 class=\"wp-block-heading\"><a href=\"https:\/\/centretic.com\/enseignants\/fonctionnalites-de-col-net\/\">Col.NET<\/a><\/h3>\n\n\n\n<figure class=\"wp-block-image size-large\"><a href=\"https:\/\/centretic.com\/enseignants\/fonctionnalites-de-col-net\/\"><img loading=\"lazy\" decoding=\"async\" width=\"200\" height=\"150\" src=\"https:\/\/centretic.com\/enseignants\/wp-content\/uploads\/sites\/2\/2020\/05\/Col.NET_bouton.png\" alt=\"\" class=\"wp-image-2469\"\/><\/a><\/figure>\n<\/div>\n\n\n\n<div class=\"wp-block-column is-layout-flow wp-block-column-is-layout-flow\">\n<h3 class=\"wp-block-heading\"><a href=\"https:\/\/centretic.com\/enseignants\/fonctionnalites-de-wooclap\/\">Wooclap<\/a><\/h3>\n\n\n\n<figure class=\"wp-block-image size-large\"><a href=\"https:\/\/centretic.com\/enseignants\/fonctionnalites-de-wooclap\/\"><img loading=\"lazy\" decoding=\"async\" width=\"200\" height=\"150\" src=\"https:\/\/centretic.com\/enseignants\/wp-content\/uploads\/sites\/2\/2021\/03\/wooclap.jpg\" alt=\"\" class=\"wp-image-3107\"\/><\/a><\/figure>\n<\/div>\n\n\n\n<div class=\"wp-block-column is-layout-flow wp-block-column-is-layout-flow\">\n<h3 class=\"wp-block-heading\"><a href=\"https:\/\/centretic.com\/enseignants\/fonctionnalites-de-wooflash\/\">Wooflash<\/a><\/h3>\n\n\n\n<figure class=\"wp-block-image size-full\"><a href=\"https:\/\/centretic.com\/enseignants\/fonctionnalites-de-wooflash\/\"><img loading=\"lazy\" decoding=\"async\" width=\"200\" height=\"150\" src=\"https:\/\/centretic.com\/enseignants\/wp-content\/uploads\/sites\/2\/2023\/01\/wooflash.jpg\" alt=\"\" class=\"wp-image-3876\"\/><\/a><\/figure>\n<\/div>\n<\/div>\n\n\n\n<div class=\"wp-block-columns is-layout-flex wp-container-core-columns-is-layout-9d6595d7 wp-block-columns-is-layout-flex\">\n<div class=\"wp-block-column is-layout-flow wp-block-column-is-layout-flow\">\n<h3 class=\"wp-block-heading\"><a href=\"https:\/\/centretic.com\/enseignants\/fonctionnalites-de-turnitin\/\">Turnitin<\/a><\/h3>\n\n\n\n<figure class=\"wp-block-image size-large\"><a href=\"https:\/\/centretic.com\/enseignants\/fonctionnalites-de-turnitin\/\"><img loading=\"lazy\" decoding=\"async\" width=\"200\" height=\"150\" src=\"https:\/\/centretic.com\/enseignants\/wp-content\/uploads\/sites\/2\/2021\/06\/turnitin-vignette-1.jpg\" alt=\"\" class=\"wp-image-3314\"\/><\/a><\/figure>\n<\/div>\n\n\n\n<div class=\"wp-block-column is-layout-flow wp-block-column-is-layout-flow\">\n<h3 class=\"wp-block-heading\"><\/h3>\n<\/div>\n\n\n\n<div class=\"wp-block-column is-layout-flow wp-block-column-is-layout-flow\">\n<h3 class=\"wp-block-heading\"><\/h3>\n<\/div>\n<\/div>\n\n\n\n<h4 class=\"wp-block-heading\">P\u00e9riph\u00e9riques<\/h4>\n\n\n\n<div class=\"wp-block-columns is-layout-flex wp-container-core-columns-is-layout-9d6595d7 wp-block-columns-is-layout-flex\">\n<div class=\"wp-block-column is-layout-flow wp-block-column-is-layout-flow\">\n<h4 class=\"wp-block-heading\">Tablettes graphiques<\/h4>\n\n\n\n<p><ul><li><strong><a href=\"https:\/\/centretic.com\/enseignants\/wp-content\/uploads\/sites\/2\/2021\/06\/FicheInfo_WacomOne.pdf\" target=\"_blank\" rel=\"noreferrer noopener\">Fiche d\u2019information Wacom One<\/a><\/strong> (PDF)<\/li><li><strong><a href=\"https:\/\/centretic.com\/enseignants\/wp-content\/uploads\/sites\/2\/2021\/06\/FicheInfo_WacomIntuos.pdf\" target=\"_blank\" rel=\"noreferrer noopener\">Fiche d\u2019information Wacom Intuos<\/a><\/strong> (PDF)<\/li><li><strong><a href=\"https:\/\/centretic.com\/enseignants\/wp-content\/uploads\/sites\/2\/2021\/06\/FicheInfo_ComparatifWacom.pdf\" target=\"_blank\" rel=\"noreferrer noopener\">Fiche comparative Wacom One et Wacom Intuos<\/a><\/strong> (PDF)<\/li><\/ul><\/p>\n<\/div>\n\n\n\n<div class=\"wp-block-column is-layout-flow wp-block-column-is-layout-flow\">\n<h4 class=\"wp-block-heading\">Cam\u00e9ra de document<\/h4>\n\n\n\n<p><ul><li><strong><a href=\"https:\/\/centretic.com\/enseignants\/wp-content\/uploads\/sites\/2\/2021\/06\/FicheInfo_CameraDoc.pdf\" target=\"_blank\" rel=\"noreferrer noopener\">Fiche d\u2019information<\/a><\/strong> (PDF)<\/li><\/ul><\/p>\n<\/div>\n<\/div>\n","protected":false},"excerpt":{"rendered":"<p>Plusieurs outils sont disponibles pour les enseignant\u00b7es pour faciliter leur enseignement. En cliquant sur l\u2019application [&hellip;]<\/p>\n","protected":false},"author":1,"featured_media":0,"parent":0,"menu_order":0,"comment_status":"closed","ping_status":"closed","template":"","meta":{"footnotes":""},"class_list":["post-2477","page","type-page","status-publish","hentry","entry","grid"],"_links":{"self":[{"href":"https:\/\/centretic.com\/enseignants\/wp-json\/wp\/v2\/pages\/2477","targetHints":{"allow":["GET"]}}],"collection":[{"href":"https:\/\/centretic.com\/enseignants\/wp-json\/wp\/v2\/pages"}],"about":[{"href":"https:\/\/centretic.com\/enseignants\/wp-json\/wp\/v2\/types\/page"}],"author":[{"embeddable":true,"href":"https:\/\/centretic.com\/enseignants\/wp-json\/wp\/v2\/users\/1"}],"replies":[{"embeddable":true,"href":"https:\/\/centretic.com\/enseignants\/wp-json\/wp\/v2\/comments?post=2477"}],"version-history":[{"count":51,"href":"https:\/\/centretic.com\/enseignants\/wp-json\/wp\/v2\/pages\/2477\/revisions"}],"predecessor-version":[{"id":4871,"href":"https:\/\/centretic.com\/enseignants\/wp-json\/wp\/v2\/pages\/2477\/revisions\/4871"}],"wp:attachment":[{"href":"https:\/\/centretic.com\/enseignants\/wp-json\/wp\/v2\/media?parent=2477"}],"curies":[{"name":"wp","href":"https:\/\/api.w.org\/{rel}","templated":true}]}}